he prime factors of r.
2
Let t(j) = -3*j + 13 - j**3 + 13*j**2 + 11 - 4 - 4. What are the prime factors of t(12)?
2, 31
Let a(q) = 11*q + 5. Let j(v) = -v**2 - 12*v - 5. Let f be j(-11). What are the prime factors of a(f)?
71
Let m be 2/(-4) - 15/(-10). Let j(h) = 19*h**2 + 3*h - 2. What are the prime factors of j(m)?
2, 5
Let k(y) = 52*y + 176. List the prime factors of k(12).
2, 5
Let o(n) = n**2 + 14*n + 13. Let i(m) = -m**3 + 13*m**2 - 2*m + 9. Let v be i(13). List the prime factors of o(v).
2
Let o(f) = -f**3 - 4*f**2 + 87. Let w(l) = -l**2. Let y(x) = o(x) - 3*w(x). List the prime factors of y(0).
3, 29
Suppose 621 = 5*l + 2*w - 377, -4*l + 801 = -w. Suppose 2*k + 2*k = -4*b + l, b = -3*k + 160. What are the prime factors of k?
5, 11
Let i(f) be the third derivative of f**6/120 + 11*f**5/60 + f**4/3 - 2*f**3/3 + 10*f**2. What are the prime factors of i(-10)?
2
Let m be (3 + 7)*2/4. Suppose -k + 4 = -2*r - m, -5*r = 2*k + 45. Let d = r - -12. List the prime factors of d.
5
Let a = -184 + 394. Suppose 0 = -2*u + 2*b - b + a, -110 = -u - 2*b. List the prime factors of u.
2, 53
Suppose 2*n - n = 0. Suppose -2*g - 2*g - 3*m + 21 = n, 6 = 2*m. Suppose -7*o = -g*o - 60. List the prime factors of o.
3, 5
Let r be ((-2 + -3)*-3)/(-1). Let s = 20 + r. What are the prime factors of (9 - s)/((-3)/(-21))?
2, 7
Let s be 3590/14 - (21/49 - 0). Let j = -99 + s. List the prime factors of j.
157
Let p = -329 - -938. List the prime factors of p.
3, 7, 29
Let x be 1/(-2)*12*17/2. Suppose -2*y + 163 = -33. Let v = x + y. What are the prime factors of v?
47
List the prime factors of ((-60)/(-80))/((-1)/(-2908)).
3, 727
Let m(s) = s**2 + 12*s - 7. Let u be m(-10). Let f be 2/(2 + 57/u). What are the prime factors of ((-6)/(-4))/(f/(-384))?
2
Let m(o) = o**3 - 1. Suppose 0*t = 3*t + 9, 11 = -2*w - 5*t. List the prime factors of m(w).
7
Let q(s) be the second derivative of s**3/6 + 9*s**2 + 2*s. Let f be q(-18). Suppose -x + 49 + 29 = f. What are the prime factors of x?
2, 3, 13
Let f be 2/(-3)*30/(-4). Suppose -3 = -3*v, -w - f*v = 4*w - 285. List the prime factors of w.
2, 7
Suppose -98 = r + 55. Let o = r + 271. What are the prime factors of o?
2, 59
Suppose 4*z = 3*p - 3928, 4*p + 8*z - 6*z - 5274 = 0. What are the prime factors of p?
2, 7, 47
Let d = 114 + 90. What are the prime factors of d?
2, 3, 17
Suppose 9*l = 15*l - 12. Suppose l*p = p + 8. List the prime factors of p.
2
Suppose 3*m - 6 - 1080 = 0. Suppose -5*o = -3*a + m, 2*o = -4*a + o + 498. List the prime factors of a/6 - 6/(-18).
3, 7
Let p(j) = -5*j + 47. Let m be p(9). Let c(f) = -11*f - 2. Let t be c(-2). What are the prime factors of (32/t)/(m/30)?
2, 3
Suppose 15150 = 25*i + 5*i. List the prime factors of i.
5, 101
Let g(w) = 503*w**3 - 2*w**2 - 35*w + 37. What are the prime factors of g(1)?
503
Suppose 4*u + 97 = -247. Let j = 4 - u. What are the prime factors of j?
2, 3, 5
Suppose -30*a - 2*a = -1792. What are the prime factors of a?
2, 7
Suppose 0 = -18*p + 9*p + 6435. What are the prime factors of p?
5, 11, 13
Suppose -m + 3*b + 1040 = 10, -2*m = -2*b - 2076. What are the prime factors of m?
2, 521
Suppose -11 = -4*j - 3. Suppose -j*z + 74 = -12. Suppose 3*i - z - 5 = 0. List the prime factors of i.
2
Suppose y = -4*y + 690. Suppose -8*k + y = -5*k. Suppose -g - 4 = -k. List the prime factors of g.
2, 3, 7
Suppose -2118*i = -2103*i - 71610. What are the prime factors of i?
2, 7, 11, 31
Let d = -101 - -465. List the prime factors of d.
2, 7, 13
Let h(n) = -445*n + 213. What are the prime factors of h(-4)?
1993
Let m be (-4)/(-8) - 12/8. Let r be (-2 - -2)/1*m. Suppose r = -3*q - 12, -4*q - 28 = -3*d - 0*q. List the prime factors of d.
2
Let m = 52 + -52. Suppose 2*d - 35 - 105 = m. What are the prime factors of d?
2, 5, 7
Let n be (-11)/22 + (-39)/(-2) + -2. Suppose -n*d + 2430 = -8*d. List the prime factors of d.
2, 3, 5
Let u(k) = 8*k**2 - 8*k + 14. Let j be u(9). Suppose 0 = 2*f + 106 - j. What are the prime factors of f?
2, 11
Let j = -205 + 361. Let l be j/10 - (-2)/5. Let q = l + 56. List the prime factors of q.
2, 3
Let f be (-4)/(-3)*27/9. Let k be 18/(f/((-8)/3)). What are the prime factors of -4 + 21*k/(-9)?
2, 3
Suppose 0 = 13*l - 19*l + 2658. What are the prime factors of l?
443
Let x = -48 + 103. Let j = x + 80. Suppose 4*p = j + 45. List the prime factors of p.
3, 5
Suppose 5*t - 324 = -t. Let c = 106 - t. Let y = 87 - c. List the prime factors of y.
5, 7
Let q be (34/(-12) - -3) + 93/(-18). Let j(b) = b**2 - 7*b - 4. Let x be j(8). What are the prime factors of -5*(q + x - 10)?
5, 11
Suppose 19 = -3*l + 3*r - 290, l + 3*r = -107. Let z = 1 - l. List the prime factors of z.
3, 5, 7
Let x = 34 + -4. Suppose x = 2*z + 3*z. What are the prime factors of z?
2, 3
Let a(n) = n**3 - 16*n**2 + 16*n - 57. What are the prime factors of a(19)?
2, 5, 7, 19
Suppose -p + 5*p + z - 1411 = 0, 0 = -2*p - 5*z + 683. Suppose -3 = k, -3*v - k + p = -4*k. What are the prime factors of v?
5, 23
Let m = -92 + 105. Suppose -d + m - 3 = 0. List the prime factors of d.
2, 5
Suppose 4*g = -4*m + 3956, -g - m = g - 1978. List the prime factors of g.
23, 43
Suppose 2*k - 42 = -2*l, 2*k + l - 13 = 30. List the prime factors of ((-11)/(k/12))/(9/(-12)).
2
Let u = -375 - -742. List the prime factors of u.
367
Let x(v) be the third derivative of -v**6/120 - 2*v**5/15 - v**4/6 - 11*v**3/6 - 14*v**2. List the prime factors of x(-8).
3, 7
Let m = 29 - 27. Suppose 2*j - 4*d = -m - 8, 9 = j + 5*d. What are the prime factors of (-22)/j + (-1 - -4)?
5
Let t = 8 - 82. Let l = t + 119. What are the prime factors of l?
3, 5
Suppose 5*w + 5*g + 0*g = 2425, -3*w - 5*g + 1457 = 0. List the prime factors of w.
2, 11
Let a = -2 - -10. Suppose -a = -l + 3*l. What are the prime factors of 3/(-12)*l + 21?
2, 11
Let t = 18 + 544. What are the prime factors of t?
2, 281
Let l = 23 - 20. List the prime factors of ((-14)/(-7))/((-2)/(-279)*l).
3, 31
Suppose 5*d + 4*t = 2817, 2*d - t - 2802 = -3*d. List the prime factors of d.
3, 11, 17
Let o(k) = -k**3 - k**2 - k - 1. Let s(p) = -6*p**2 - 4*p + 2. Let v(z) = -o(z) + s(z). List the prime factors of v(6).
3, 7
Let x(g) = 10*g - 6. Let p be x(9). What are the prime factors of (-2 - 982/(-7)) + (-24)/p?
2, 3, 23
Let s(r) be the first derivative of 4*r**2 + 77. Let v = 1 - 0. What are the prime factors of s(v)?
2
Suppose t = -0*s + 4*s - 982, -s + 5*t + 236 = 0. List the prime factors of s.
2, 3, 41
Let r = -20 + 17. Let s be 2*(r - -4) + -4. Let i = s - -13. List the prime factors of i.
11
List the prime factors of (3/(-6))/(6/(-3192) - 0).
2, 7, 19
Let s = 218 - 126. Suppose -396 = -98*v + s*v. What are the prime factors of v?
2, 3, 11
Let v be (18*(-1)/7)/((-29)/203). Suppose -v*i + 80 = -17*i. List the prime factors of i.
2, 5
Let a(g) = g - 7. Let k be a(10). Let z(c) = 119*c - 7. Let f be z(k). List the prime factors of 2/(-6) + f/15.
23
Suppose -4*q + q = -3*o - 18, -2*q = 3*o + 8. Suppose -l = -q*l + f + 66, -l + 62 = f. List the prime factors of l.
2
List the prime factors of 12488/21 + 10/(-6).
593
Let r(w) be the first derivative of w**5/60 + w**4/24 + w**3 - 5*w**2/2 + 5. Let a(f) be the second derivative of r(f). List the prime factors of a(-5).
2, 13
Let q = -49 - -24. Let d = -16 - q. What are the prime factors of (-15)/(-1 + 6/d)?
3, 5
Suppose 3*n - 55 = -4*f + 17, -n + 24 = -5*f. List the prime factors of n.
2, 3
Let s be ((-54)/45)/(4/(-170)). Let w be s/(-6)*-4 + 2. Suppose -11*m - w = -15*m. What are the prime factors of m?
3
Let q = -364 - -613. Suppose -7*v + 731 + q = 0. List the prime factors of v.
2, 5, 7
Let h(m) = -95 + 270*m**2 + 45 + 51. What are the prime factors of h(-1)?
271
Let a(l) be the second derivative of 7*l**4/12 - l**3/6 + 5*l**2/2 + 11*l. Let m be a(2). Suppose 3*j - 4*j = -m. List the prime factors of j.
31
Let m be (1 - 5/(-7))*7. Let b(l) = 2*l + 15. Let d be b(-5). Suppose -d*q + q = -m. List the prime factors of q.
3
Let r = 9951 - 5778. What are the prime factors of r?
3, 13, 107
Suppose 0 = -2*l + 7*l - 15. Suppose 360 = 2*c + 3*c - n, 238 = l*c - 5*n. Let s = c - 24. What are the prime factors of s?
47
Let l be (-51)/(-17) - 31*-1. Let n = l - 21. What are the prime factors of n?
13
Let i = -20 - -22. Suppose 4 = -4*n + v, -i*n =